n**2 - 7*n - 10. Calculate o(b).
-2
Suppose -6*c = -2*c. Suppose -5*h = -c*h - 30. Let i(u) = -u**2 + 7*u. Give i(h).
6
Let i(d) = -2*d. Let n(k) = 3*k**3 + k**2. Suppose o + 4*m = 9, 0 = -3*o + 2*m - 7*m + 20. Suppose -o*j + 3 = 8. Let b be n(j). Determine i(b).
4
Suppose 0 = 3*o - 0*o + 18. Let w(b) be the first derivative of -b**2/2 - 3*b - 4. Calculate w(o).
3
Let u(l) = -l - 2. Let b be u(-3). Let w be (2 + 1)*b/(-3). Let t(f) = -4*f**2 + f + 1. What is t(w)?
-4
Let s(v) = 2*v - 1. Let c = 2 + -5. Let d(k) = -6*k + 4. Let t(q) = c*d(q) - 8*s(q). What is t(4)?
4
Let b be 8/4 + 1/1. Suppose -3*r - b*d = 2*d - 35, 4*r - 36 = -4*d. Let p be (45/12)/r*-4. Let g(i) = -i**2 - 5*i - 1. What is g(p)?
5
Suppose 3*l = -2 - 13. Let y(j) = -3*j + 3. What is y(l)?
18
Let w = -9 - 2. Let z = 8 + w. Let i(g) = g**2 + g - 4. Let o(m) = m. Let v(x) = i(x) - 2*o(x). Determine v(z).
8
Let v = -55 + 54. Let b(c) = -18*c**3 + c**2 - c - 1. Give b(v).
19
Let t(q) = q**3 + 3*q**2 + 2*q + 3. Suppose -5*h = 4*l - h, -4*l - 6 = h. Determine t(l).
3
Suppose 2*y + 26 = 16. Let i(k) = k**2 + 2*k + 4. Calculate i(y).
19
Let b be (-1)/(3/(-4 - 2)). Let n(w) = 3 + 0 - b + 2*w. Calculate n(1).
3
Let f(s) = s**2 - 4*s. Let v(x) = -x**3 + 5*x**2 - x - 9. Let t be v(4). Calculate f(t).
-3
Suppose -d - 2*j = -0 + 6, 0 = -5*d + 3*j - 30. Let h be (6/4)/(d/16). Let a(v) be the first derivative of v**2/2 + 8*v - 5. Determine a(h).
4
Let n(z) = z**3 - 5*z**2 - 5*z - 7. Let v be n(6). Let k be 1/(v/(-5))*1. Let r(p) = p - 1 + 0 - 3. Determine r(k).
1
Let j(t) be the second derivative of 5*t + 1/2*t**2 + 0 - 1/6*t**3. Calculate j(1).
0
Let a(x) = x**3 + 29*x - 11*x**2 + 18*x - 36*x - 3. What is a(10)?
7
Let t(h) = 5*h + 3. Let i(p) = 7*p + 3. Let m(s) = 2*i(s) - 3*t(s). Determine m(-4).
1
Let d(p) = p**2 + p - 1. Let a(o) = o**3 + 2*o**2 - 3*o - 4. Let l be a(-3). What is d(l)?
11
Let i(w) = -w**2 - 8*w - 4. Suppose 4*j - 3 - 5 = 0. Suppose -4*f - 44 = -4*l - 4, j*l = 4*f + 30. What is i(f)?
11
Let n(k) = 5*k**2. Let q(j) = j**2 + 9*j - 1. Let h be q(-9). Determine n(h).
5
Let o(d) = -3*d**3 - 13*d**2 + 19*d + 18. Let f(s) = 5*s**3 + 19*s**2 - 29*s - 27. Let z(m) = -5*f(m) - 8*o(m). Determine z(8).
-1
Let p(g) be the third derivative of 0 + 0*g + 4/3*g**3 + 1/12*g**4 - 6*g**2. Determine p(-6).
-4
Let f(h) be the second derivative of h**5/20 + h**4/3 - 3*h. Let j(i) = i**3 + 4*i**2 - 1. Let w(c) = 4*f(c) - 5*j(c). Calculate w(-4).
5
Let i(k) = -k**3 - 5*k**2 + 5*k - 6. Let s be (-2)/1 - (-16)/8. Suppose 0*x - x - 6 = s. Determine i(x).
0
Let l(b) = -b + 3. Suppose -2*n - 19 = 3*c, 6 = 5*n - 5*c - 9. Let w be (-114)/(-7) + n/7. Suppose -m - 3*m = -w. Calculate l(m).
-1
Suppose 6*y - 50 = -14. Let s(a) = -3*a + 1. Determine s(y).
-17
Let g = 1 - -1. Suppose -4*z + 3*z + 2 = 2*m, -2*z = g*m + 2. Let h(k) = 0 - m - 3 + k + k**3. Give h(0).
-6
Suppose 5*s - 3*x + 7*x - 28 = 0, 2 = -2*s + 5*x. Suppose -11 = -s*d + 1. Let v(r) = 0 - 2*r**d + 2*r - 1 + 0. Calculate v(1).
-1
Let x(q) = q**3 - 6*q**2 - 2*q + 4. Let g be (-84)/15 - (-21)/35. Let w(a) = a + 11. Let r be w(g). What is x(r)?
-8
Suppose 2*n = 3 + 5. Let g(m) = 2*m - 6. Determine g(n).
2
Let j(u) be the first derivative of u**2/2 - 9*u - 1. Let y be j(7). Let z(i) = 21*i**3 + 5*i**3 + i + 1 + i**2 - 25*i**3. What is z(y)?
-5
Suppose 21 - 6 = -5*o. Let w = o + 7. Let l(n) = -2*n + 2. Calculate l(w).
-6
Let s(m) be the third derivative of m**5/60 + m**4/6 - m**3/3 + m**2. Let o be s(-3). Let n(c) = c**3 + 4*c**2 - 5*c - 5. Calculate n(o).
-5
Let o be (-1 - 8)*(0 + -1). Let h(p) = 2*p + o - 12 + 4. Calculate h(-1).
-1
Let s(k) = k**3 - 5*k**2 + 2*k + 2. Suppose 4*n - 16 = -0*n - d, -3*n - 3*d = -12. Determine s(n).
-6
Let c(j) = j**3 - 6*j**2 - 2*j + 8. Let f(z) = z**3 - 4*z**2 + 6. Let l be f(4). What is c(l)?
-4
Suppose 0*d + d = -4. Let s be 1*-3*2/(-3). Let f(i) = i**3 - 3 + 3*i**3 - 5*i**3 - 4*i - 3*i**s - 2*i**2. Determine f(d).
-3
Let r(j) = j - 4 + 1 - 6. Let v(k) = k - 1. Let l(h) = -r(h) + 6*v(h). What is l(-2)?
-7
Suppose 0 = -5*x - k + 4*k + 22, -5*x - 2*k + 27 = 0. Let d(n) be the second derivative of -3*n - 1/12*n**4 + 5/6*n**3 + 0 - 5/2*n**2. Determine d(x).
-5
Let v(q) = -q**3 + q**2. Suppose -5*r = 40 - 10. Let n(s) = -5*s**3 + 2*s**2 + 2*s + 1. Let l(t) = r*v(t) + n(t). Determine l(3).
-2
Let d(h) = -h**3 + 3*h**2 - 3*h + 5. Let v(q) = q**3 - 3*q**2 + 2*q - 4. Let x(s) = 5*d(s) + 6*v(s). What is x(4)?
5
Let y(z) be the third derivative of -z**4/24 + z**3/6 + 5*z**2. What is y(-6)?
7
Let y = 7 + -2. Suppose 5 = -6*w + y*w. Let z(m) be the second derivative of m**4/12 + 2*m**3/3 - m**2/2 + m. Determine z(w).
4
Let g(r) = -r**2 + r + 1. Let c be g(3). Let s be 1/c - (-430)/25. Suppose 5*v = l + s + 11, -l = v - 2. Let d(p) = 2*p - 1. Determine d(l).
-7
Let l(u) = -4*u**2 + u**3 - 1 - 3*u**2 - u + 2*u**2. Suppose m - s + 9 = 0, -4*s - 7 = 5. Let r = m - -17. What is l(r)?
-6
Let q(u) be the second derivative of -7*u - 1/12*u**4 + 0 + u**3 + 0*u**2. Give q(6).
0
Let m(o) = o**3 + 14 - 4*o - 22 - 3*o - 6*o**2. Calculate m(7).
-8
Let b(p) = -p**3 - p**2 - p + 4. Suppose 7*u = 9*u. What is b(u)?
4
Let m(h) = -2*h + h + h**2 + 1 + 5*h**2. Let t(p) be the first derivative of -7*p**3/3 + p**2/2 - p - 7. Let z(d) = -2*m(d) - 3*t(d). Determine z(1).
9
Let u(f) = 5*f**3 + 10*f**2 - 2*f + 2. Let i(x) = -9*x**3 - 19*x**2 + 3*x - 3. Let q(p) = 4*i(p) + 7*u(p). Calculate q(-2).
-10
Let o = 13 - 31. Let r be 22/o - (-6)/27. Let q(n) = 4*n**2 + 2*n + 1. Give q(r).
3
Let v(w) = w + 12. Let t(p) = 4*p + 37. Let f(z) = 2*t(z) - 7*v(z). Determine f(0).
-10
Let q(g) = -1 - 6 - 1 - 3*g**2 - 7*g + 4*g**2. Let a be q(8). Let u(k) be the second derivative of k**3/6 + 2*k**2 - k. Determine u(a).
4
Let f(t) = t + 2. Let s be f(4). Let i(w) = -w + 13. Calculate i(s).
7
Let s(d) = 5*d + 18 + 26 + 3*d - 34 + 9*d**2 - d**3. Determine s(10).
-10
Let k(l) = -l**3 + 4*l**2 + 6 + 0*l**3 + 0*l**3 + 4*l + 2*l. What is k(5)?
11
Suppose -4*v = -8, -3*z + 0*v - 2*v = 14. Let j(b) = b + 8. Calculate j(z).
2
Let j(f) = -f**2 - 4*f - 2. Let q(b) = b. Let d(u) = -j(u) - q(u). Let y(m) = -4*m - 59. Let n be y(-14). Give d(n).
2
Let i(l) be the second derivative of l**8/6720 + l**7/504 + l**6/144 + l**5/20 - l**4/6 + 3*l. Let c(q) be the third derivative of i(q). Give c(-4).
2
Let z(p) = 4*p**2 - 3*p**2 - 8 + 0*p**2 + 647*p - 653*p. Determine z(8).
8
Let r be (-20)/2 - (-1 + 0). Let o be (-9)/1*(-15)/r. Let t be (1 + 0)/(3/o). Let w(j) = -j**3 - 6*j**2 - 4*j + 2. What is w(t)?
-3
Let j be (-11)/3 + 6/9. Let n(o) = -4*o + o - 7 + 7 - o**2. Determine n(j).
0
Suppose -7 = -3*r - w, r - 4*w - 32 = -2*r. Suppose h + r*h - 35 = 0. Let p(a) = h*a**2 + 6*a - 1 + a**3 - 2 - 1. Determine p(-6).
-4
Let s(t) = t**3 + 2*t**2 - 5*t - 2. Suppose -33 + 1 = -2*r. Suppose r = -5*j + 1. What is s(j)?
4
Let w(n) be the second derivative of -n**3/2 - 9*n. Determine w(2).
-6
Let d(w) = -6*w**2 - w. Let u be d(-1). Let z(n) = n**3 + 6*n**2 + 5*n - 4. Determine z(u).
-4
Let m(t) be the first derivative of 2*t**3/3 + 2*t**2 + 5*t - 2. Let l(b) = 2*b**2 + 3*b + 4. Let g(z) = -4*l(z) + 3*m(z). Calculate g(-2).
-9
Let d = -2 + 3. Let m(i) = 2*i - 4*i + i - d - i. Determine m(2).
-5
Let u(i) be the third derivative of -1/3*i**3 + 0 + 1/24*i**4 + i**2 - 1/120*i**5 + 1/90*i**6 + 0*i. Let f(m) be the first derivative of u(m). Determine f(1).
4
Let i(s) be the second derivative of s**4/12 - s**3 - s**2 + s. Let c(w) be the first derivative of i(w). Give c(5).
4
Let p(o) = 2*o + 6. Let l(b) = -3*b - 6. Let t(a) = 3*l(a) + 4*p(a). Let x(y) = -y - 10. Let s be x(-9). Let w be (s - -2)*(3 + -3). Determine t(w).
6
Let l be 0 + 2 + 0 + -1. Let m = l - -14. Suppose 4*q + 5*w = -m, 3*w = q - 4*q - 12. Let u(p) = -p**2 - 7*p - 7. Determine u(q).
3
Let l(u) = 3*u**2 + u - 10. Let s(r) = -7*r**2 - r + 21. Let j(f) = -9*l(f) - 4*s(f). Give j(4).
2
Suppose -91 = -3*b - 97. Let u(w) = -4*w - 2. Calculate u(b).
6
Let l(j) = 14*j**3 - 2*j**2 + 3*j - 8. Let k(m) = 5*m**3 - m**2 + m - 3. Let w(c) = -11*k(c) + 4*l(c). What is w(-2)?
3
Let o(c) be the third derivative of -c**6/120 + c**5/10 - c**4/4 - 2*c**3/3 - 3*c**2. Determine o(5).
-9
Let b(g) be the third derivative of -g**5/60 - 7*g**4/24 + g**3/6 - 4*g**2.